ctor of 7936470?
True
Does 37 divide 44989?
False
Does 977 divide 1877256?
False
Does 15 divide 4766985?
True
Is 145097 a multiple of 3?
False
Is 6 a factor of 369918?
True
Is 200 a factor of 8415600?
True
Is 396 a factor of 561528?
True
Is 101536 a multiple of 167?
True
Does 131 divide 1277461?
False
Does 128 divide 17142?
False
Does 141 divide 1972908?
False
Does 123 divide 106395?
True
Does 49 divide 108584?
True
Is 12243 a multiple of 39?
False
Does 44 divide 5999550?
False
Is 8389196 a multiple of 21?
False
Is 65 a factor of 2568215?
True
Does 315 divide 213881?
False
Is 279 a factor of 525493?
False
Is 201 a factor of 1122585?
True
Is 83 a factor of 1325852?
False
Is 10211487 a multiple of 288?
False
Is 314 a factor of 979680?
True
Is 1938232 a multiple of 18?
False
Is 8 a factor of 17096?
True
Is 52 a factor of 27040?
True
Is 617 a factor of 3870073?
False
Is 260355 a multiple of 20?
False
Is 262 a factor of 263379?
False
Is 130 a factor of 805350?
True
Is 128380 a multiple of 98?
True
Does 1143 divide 4746879?
True
Does 308 divide 42637?
False
Does 4 divide 82522?
False
Is 94401 a multiple of 6?
False
Is 81220 a multiple of 131?
True
Is 40 a factor of 53760?
True
Is 41 a factor of 4835617?
False
Is 1662162 a multiple of 56?
False
Is 595293 a multiple of 149?
False
Is 9 a factor of 14634?
True
Is 34 a factor of 2891370?
False
Is 3895305 a multiple of 299?
False
Does 9 divide 1118754?
True
Is 3 a factor of 366699?
True
Does 60 divide 6986434?
False
Is 11582 a multiple of 21?
False
Is 34 a factor of 238578?
True
Is 3440332 a multiple of 216?
False
Is 3826706 a multiple of 689?
True
Does 204 divide 638061?
False
Is 50 a factor of 64400?
True
Is 459 a factor of 2272199?
False
Is 131814 a multiple of 119?
False
Does 31 divide 2554741?
True
Is 1873670 a multiple of 533?
False
Is 872522 a multiple of 152?
False
Does 94 divide 214508?
True
Is 2085307 a multiple of 19?
True
Does 48 divide 1856738?
False
Does 405 divide 4344429?
False
Does 1019 divide 1109691?
True
Is 13 a factor of 3353467?
True
Is 20245055 a multiple of 1355?
True
Does 218 divide 45096?
False
Is 299 a factor of 154882?
True
Does 673 divide 1308312?
True
Does 451 divide 202499?
True
Is 22 a factor of 166352?
False
Is 79905 a multiple of 5?
True
Is 21 a factor of 7469420?
False
Is 115 a factor of 2764629?
False
Is 141496 a multiple of 23?
True
Is 65070 a multiple of 17?
False
Is 1152478 a multiple of 62?
False
Is 1987148 a multiple of 142?
True
Does 25 divide 1594881?
False
Is 1290240 a multiple of 45?
True
Does 862 divide 163942?
False
Is 162 a factor of 623862?
True
Is 41 a factor of 3480408?
True
Is 584704 a multiple of 8?
True
Is 2718898 a multiple of 152?
False
Is 66 a factor of 16577?
False
Is 471319 a multiple of 243?
False
Does 5 divide 5889025?
True
Is 328950 a multiple of 86?
True
Is 131831 a multiple of 24?
False
Does 9 divide 390576?
False
Does 8 divide 438390?
False
Is 30 a factor of 1562100?
True
Does 11 divide 1869967?
True
Is 56 a factor of 60682?
False
Does 32 divide 9248?
True
Is 129 a factor of 30315?
True
Is 265842 a multiple of 27?
True
Is 106 a factor of 34422?
False
Does 149 divide 177160?
False
Is 162 a factor of 470021?
False
Does 151 divide 168969?
True
Does 30 divide 5130?
True
Is 100 a factor of 958035?
False
Is 399051 a multiple of 101?
True
Is 74 a factor of 442594?
True
Is 436437 a multiple of 190?
False
Does 665 divide 103075?
True
Is 5170726 a multiple of 22?
True
Is 115 a factor of 3508755?
False
Does 23 divide 271860?
True
Does 424 divide 84346?
False
Is 798 a factor of 2193344?
False
Is 745416 a multiple of 357?
True
Is 149226 a multiple of 57?
True
Is 30 a factor of 14973690?
True
Is 44576 a multiple of 37?
False
Is 229009 a multiple of 11?
True
Is 1879 a multiple of 22?
False
Does 11 divide 855151?
True
Is 704403 a multiple of 296?
False
Does 14 divide 10455485?
False
Does 603 divide 2250999?
True
Does 26 divide 2912?
True
Is 24 a factor of 6888?
True
Is 72 a factor of 1135885?
False
Is 12 a factor of 15600?
True
Is 16 a factor of 39104?
True
Is 4 a factor of 63337?
False
Is 543 a factor of 7814313?
True
Is 16 a factor of 361440?
True
Does 22 divide 6360596?
True
Does 62 divide 200012?
True
Is 351 a factor of 28422?
False
Is 4630595 a multiple of 635?
False
Does 13 divide 113200?
False
Does 174 divide 220980?
True
Is 20678592 a multiple of 22?
True
Is 5733835 a multiple of 215?
True
Is 95 a factor of 1612411?
False
Does 7 divide 85617?
True
Does 920 divide 16233400?
True
Is 33 a factor of 4257?
True
Is 344 a factor of 3092781?
False
Does 14 divide 313558?
True
Does 22 divide 2164294?
True
Does 11 divide 113278?
True
Is 8 a factor of 81550?
False
Is 4514661 a multiple of 102?
False
Is 30399 a multiple of 20?
False
Is 453390 a multiple of 119?
True
Is 70 a factor of 10039772?
False
Is 1267880 a multiple of 199?
False
Is 396 a factor of 617577?
False
Is 9 a factor of 324?
True
Is 7 a factor of 963970?
True
Is 32 a factor of 230336?
True
Is 1937225 a multiple of 25?
True
Does 22 divide 798983?
False
Does 3 divide 1215121?
False
Does 12 divide 1685179?
False
Does 169 divide 7478455?
False
Does 216 divide 162216?
True
Does 14 divide 216580?
True
Does 283 divide 2028261?
True
Is 2172786 a multiple of 14?
True
Is 654 a factor of 2785159?
False
Is 1272503 a multiple of 238?
False
Is 9 a factor of 25172?
False
Is 760892 a multiple of 175?
False
Is 111600 a multiple of 62?
True
Does 3 divide 195789?
True
Does 311 divide 4442635?
True
Is 31140 a multiple of 5?
True
Is 3344 a multiple of 11?
True
Is 5569346 a multiple of 20?
False
Is 408 a factor of 8366856?
True
Is 72522 a multiple of 51?
True
Is 75 a factor of 70575?
True
Is 186812 a multiple of 4?
True
Is 24516 a multiple of 233?
False
Does 6 divide 12804?
True
Does 579 divide 11435503?
False
Is 30952 a multiple of 53?
True
Is 282522 a multiple of 41?
False
Is 120 a factor of 156464?
False
Is 38 a factor of 10235?
False
Does 6 divide 1547910?
True
Does 27 divide 1333458?
False
Is 243 a factor of 3758571?
False
Is 169448 a multiple of 59?
True
Is 908193 a multiple of 13?
True
Does 386 divide 95335?
False
Is 195 a factor of 87040?
False
Is 6323321 a multiple of 205?
False
Is 5411357 a multiple of 902?
False
Is 45 a factor of 5862240?
True
Is 17 a factor of 173824?
False
Is 5 a factor of 1352610?
True
Is 1573955 a multiple of 7?
False
Is 6684007 a multiple of 883?
False
Is 67 a factor of 70886?
True
Does 275 divide 1648625?
True
Is 575 a factor of 432975?
True
Is 3785920 a multiple of 64?
True
Is 102 a factor of 787686?
False
Is 10 a factor of 133546?
False
Is 1774028 a multiple of 233?
False
Does 46 divide 354292?
True
Is 16 a factor of 2908656?
True
Does 3 divide 295668?
True
Is 7057316 a multiple of 307?
True
Is 19 a factor of 26999?
True
Is 2314559 a multiple of 88?
False
Does 3 divide 3198?
True
Does 2 divide 985786?
True
Does 474 divide 372465?
False
Is 10359500 a multiple of 266?
False
Is 28 a factor of 2678552?
False
Does 83 divide 4317655?
False
Is 2519334 a multiple of 67?
True
Does 74 divide 1226116?
False
Is 14 a factor of 3925399?
False
Is 584724 a multiple of 84?
True
Is 216840 a multiple of 40?
True
Is 540 a factor of 76140?
True
Does 14 divide 4762?
False
Is 164335 a multiple of 269?
False
Is 2467108 a multiple of 17?
True
Is 74 a factor of 152211?
False
Is 41 a factor of 6806008?
False
Does 15 divide 410220?
True
Is 33 a factor of 5316729?
True
Does 286 divide 836632?
False
Is 2649885 a multiple of 105?
True
Does 21 divide 21256536?
True
Does 428 divide 22456625?
False
Is 169496 a multiple of 8?
True
Does 271 divide 2483715?
True
Is 5 a factor of 171369?
False
Does 5 divide 811411?
False
Does 16 divide 14468530?
False
Is 118 a factor of 98094?
False
Is 111 a factor of 443087?
False
Is 276 a factor of 10580197?
False
Is 2012864 a multiple of 3?
False
Does 95 divide 48260?
True
Is 280800 a multiple of 72?
True
Is 994408 a multiple of 705?
False
Is 976560 a multiple of 123?
False
Does 51 divide 158921?
False
Does 302 divide 177576?
True
Is 265500 a multiple of 500?
True
Is 124251 a multiple of 83?
True
Does 6 divide 1079871?
False
Is 397 a factor of 4328491?
True
Does 8 divide 23681?
False
Does 145 divide 1743356?
False
Is 771393 a multiple of 3?
True
Is 487501 a multiple of 21?
False
I